{"id":129,"date":"2017-03-01T20:47:49","date_gmt":"2017-03-01T19:47:49","guid":{"rendered":"http:\/\/fermedelachauveliere.fr\/?page_id=129"},"modified":"2026-05-05T13:10:39","modified_gmt":"2026-05-05T11:10:39","slug":"calendrier-des-ventes","status":"publish","type":"page","link":"https:\/\/fermedelachauveliere.fr\/index.php\/37-indre-et-loire-cheille\/calendrier-des-ventes\/","title":{"rendered":"CALENDRIER DES VENTES"},"content":{"rendered":"<div id=\"pl-129\"  class=\"panel-layout\" ><div id=\"pg-129-0\"  class=\"panel-grid panel-no-style\" ><div id=\"pgc-129-0-0\"  class=\"panel-grid-cell\" ><div id=\"panel-129-0-0-0\" class=\"so-panel widget widget_sow-editor panel-first-child\" data-index=\"0\" ><div class=\"panel-widget-style panel-widget-style-for-129-0-0-0\" ><div\n\t\t\t\n\t\t\tclass=\"so-widget-sow-editor so-widget-sow-editor-base\"\n\t\t\t\n\t\t>\n<div class=\"siteorigin-widget-tinymce textwidget\">\n\t<h4 style=\"text-align: center;\" align=\"left\"><\/h4>\n<p>&nbsp;<\/p>\n<h3 style=\"text-align: center;\"><\/h3>\n<h2 style=\"text-align: center;\">\u00a0 \u00a0 \u00a0 \u00a0<strong> Prochaine date de vente\u00a0<\/strong><\/h2>\n<p>&nbsp;<\/p>\n<h2 style=\"text-align: center;\">\u00a0 \u00a0 \u00a0 <strong>Samedi 6 Juin 2026<\/strong><\/h2>\n<p style=\"text-align: center;\">Les commandes sont \u00e0 r\u00e9cup\u00e9rer de 14h \u00e0 18h Le samedi apr\u00e8s midi<\/p>\n<h2 style=\"text-align: center;\"><strong>Caisse Boeuf\u00a0 7 kg<\/strong><\/h2>\n<h2 style=\"text-align: center;\"><strong>Caisse de Veau 6 kg<\/strong><\/h2>\n<h2 style=\"text-align: center;\"><strong>Merguez de Mouton au kg<\/strong><\/h2>\n<h2 style=\"text-align: center;\"><\/h2>\n<h2 style=\"text-align: center;\"><\/h2>\n<h2 style=\"text-align: center;\"><\/h2>\n<h2 style=\"text-align: center;\"><\/h2>\n<h2 style=\"text-align: center;\"><\/h2>\n<h2 style=\"text-align: center;\"><\/h2>\n<p>&nbsp;<\/p>\n<p>&nbsp;<\/p>\n<h2 style=\"text-align: center;\"><\/h2>\n<h2 style=\"text-align: center;\"><\/h2>\n<h2 style=\"text-align: center;\"><\/h2>\n<p>&nbsp;<\/p>\n<h2 style=\"text-align: center;\"><\/h2>\n<\/div>\n<\/div><\/div><\/div><div id=\"panel-129-0-0-1\" class=\"so-panel widget widget_sow-slider\" data-index=\"1\" ><div\n\t\t\t\n\t\t\tclass=\"so-widget-sow-slider so-widget-sow-slider-default-6d39609536fd-129\"\n\t\t\t\n\t\t>\t\t\t\t<div class=\"sow-slider-base\" style=\"display: none\" tabindex=\"0\">\n\t\t\t\t\t<ul\n\t\t\t\t\tclass=\"sow-slider-images\"\n\t\t\t\t\tdata-settings=\"{&quot;pagination&quot;:true,&quot;speed&quot;:800,&quot;timeout&quot;:8000,&quot;paused&quot;:false,&quot;pause_on_hover&quot;:false,&quot;swipe&quot;:true,&quot;nav_always_show_desktop&quot;:&quot;&quot;,&quot;nav_always_show_mobile&quot;:&quot;&quot;,&quot;breakpoint&quot;:&quot;780px&quot;,&quot;unmute&quot;:false,&quot;anchor&quot;:null}\"\n\t\t\t\t\t\t\t\t\t\tdata-anchor-id=\"\"\n\t\t\t\t><\/ul>\t\t\t\t<ol class=\"sow-slider-pagination\">\n\t\t\t\t\t\t\t\t\t<\/ol>\n\n\t\t\t\t<div class=\"sow-slide-nav sow-slide-nav-next\">\n\t\t\t\t\t<a href=\"#\" data-goto=\"next\" aria-label=\"Next slide\" data-action=\"next\">\n\t\t\t\t\t\t<em class=\"sow-sld-icon-thin-right\"><\/em>\n\t\t\t\t\t<\/a>\n\t\t\t\t<\/div>\n\n\t\t\t\t<div class=\"sow-slide-nav sow-slide-nav-prev\">\n\t\t\t\t\t<a href=\"#\" data-goto=\"previous\" aria-label=\"Previous slide\" data-action=\"prev\">\n\t\t\t\t\t\t<em class=\"sow-sld-icon-thin-left\"><\/em>\n\t\t\t\t\t<\/a>\n\t\t\t\t<\/div>\n\t\t\t\t<\/div><\/div><\/div><div id=\"panel-129-0-0-4\" class=\"so-panel widget widget_akismet_widget\" data-index=\"4\" ><h3 class=\"widget-title\">Ind\u00e9sirable bloqu\u00e9<\/h3>\n\t\t<style>\n\t\t\t.a-stats {\n\t\t\t\t--akismet-color-mid-green: #357b49;\n\t\t\t\t--akismet-color-white: #fff;\n\t\t\t\t--akismet-color-light-grey: #f6f7f7;\n\n\t\t\t\tmax-width: 350px;\n\t\t\t\twidth: auto;\n\t\t\t}\n\n\t\t\t.a-stats * {\n\t\t\t\tall: unset;\n\t\t\t\tbox-sizing: border-box;\n\t\t\t}\n\n\t\t\t.a-stats strong {\n\t\t\t\tfont-weight: 600;\n\t\t\t}\n\n\t\t\t.a-stats a.a-stats__link,\n\t\t\t.a-stats a.a-stats__link:visited,\n\t\t\t.a-stats a.a-stats__link:active {\n\t\t\t\tbackground: var(--akismet-color-mid-green);\n\t\t\t\tborder: none;\n\t\t\t\tbox-shadow: none;\n\t\t\t\tborder-radius: 8px;\n\t\t\t\tcolor: var(--akismet-color-white);\n\t\t\t\tcursor: pointer;\n\t\t\t\tdisplay: block;\n\t\t\t\tfont-family: -apple-system, BlinkMacSystemFont, 'Segoe UI', 'Roboto', 'Oxygen-Sans', 'Ubuntu', 'Cantarell', 'Helvetica Neue', sans-serif;\n\t\t\t\tfont-weight: 500;\n\t\t\t\tpadding: 12px;\n\t\t\t\ttext-align: center;\n\t\t\t\ttext-decoration: none;\n\t\t\t\ttransition: all 0.2s ease;\n\t\t\t}\n\n\t\t\t\/* Extra specificity to deal with TwentyTwentyOne focus style *\/\n\t\t\t.widget .a-stats a.a-stats__link:focus {\n\t\t\t\tbackground: var(--akismet-color-mid-green);\n\t\t\t\tcolor: var(--akismet-color-white);\n\t\t\t\ttext-decoration: none;\n\t\t\t}\n\n\t\t\t.a-stats a.a-stats__link:hover {\n\t\t\t\tfilter: brightness(110%);\n\t\t\t\tbox-shadow: 0 4px 12px rgba(0, 0, 0, 0.06), 0 0 2px rgba(0, 0, 0, 0.16);\n\t\t\t}\n\n\t\t\t.a-stats .count {\n\t\t\t\tcolor: var(--akismet-color-white);\n\t\t\t\tdisplay: block;\n\t\t\t\tfont-size: 1.5em;\n\t\t\t\tline-height: 1.4;\n\t\t\t\tpadding: 0 13px;\n\t\t\t\twhite-space: nowrap;\n\t\t\t}\n\t\t<\/style>\n\n\t\t<div class=\"a-stats\">\n\t\t\t<a href=\"https:\/\/akismet.com?utm_source=akismet_plugin&amp;utm_campaign=plugin_static_link&amp;utm_medium=in_plugin&amp;utm_content=widget_stats\" class=\"a-stats__link\" target=\"_blank\" rel=\"noopener\" style=\"background-color: var(--akismet-color-mid-green); color: var(--akismet-color-white);\">\n\t\t\t\t<strong class=\"count\">0 ind\u00e9sirable<\/strong> bloqu\u00e9 par <strong>Akismet<\/strong>\t\t\t<\/a>\n\t\t<\/div>\n\n\t\t<\/div><div id=\"panel-129-0-0-5\" class=\"so-panel widget panel-last-child\" data-index=\"5\" ><\/div><\/div><\/div><\/div>","protected":false},"excerpt":{"rendered":"<p>&nbsp; \u00a0 \u00a0 \u00a0 \u00a0 Prochaine date de vente\u00a0 &nbsp; \u00a0 \u00a0 \u00a0 Samedi 6 Juin 2026 Les commandes sont \u00e0 r\u00e9cup\u00e9rer de 14h \u00e0 18h Le samedi apr\u00e8s midi Caisse Boeuf\u00a0 7 kg Caisse de Veau 6 kg Merguez de Mouton au kg &nbsp; &nbsp; &nbsp;<\/p>\n","protected":false},"author":1,"featured_media":0,"parent":65,"menu_order":3,"comment_status":"closed","ping_status":"closed","template":"","meta":{"footnotes":""},"yoast_head":"<!-- This site is optimized with the Yoast SEO plugin v20.4 - https:\/\/yoast.com\/wordpress\/plugins\/seo\/ -->\n<title>CALENDRIER DES VENTES - ELEVAGE DE LA FERME DE LA CHAUVELIERE<\/title>\n<meta name=\"description\" content=\"Retrouver toutes nos offres de N\u00f4el ainsi que nos dates de vente pour preparer vos repas de noel avec des produits de la ferme\" \/>\n<meta name=\"robots\" content=\"index, follow, max-snippet:-1, max-image-preview:large, max-video-preview:-1\" \/>\n<link rel=\"canonical\" href=\"https:\/\/fermedelachauveliere.fr\/index.php\/37-indre-et-loire-cheille\/calendrier-des-ventes\/\" \/>\n<meta property=\"og:locale\" content=\"fr_FR\" \/>\n<meta property=\"og:type\" content=\"article\" \/>\n<meta property=\"og:title\" content=\"CALENDRIER DES VENTES - ELEVAGE DE LA FERME DE LA CHAUVELIERE\" \/>\n<meta property=\"og:description\" content=\"Retrouver toutes nos offres de N\u00f4el ainsi que nos dates de vente pour preparer vos repas de noel avec des produits de la ferme\" \/>\n<meta property=\"og:url\" content=\"https:\/\/fermedelachauveliere.fr\/index.php\/37-indre-et-loire-cheille\/calendrier-des-ventes\/\" \/>\n<meta property=\"og:site_name\" content=\"ELEVAGE DE LA FERME DE LA CHAUVELIERE\" \/>\n<meta property=\"article:modified_time\" content=\"2026-05-05T11:10:39+00:00\" \/>\n<meta name=\"twitter:card\" content=\"summary_large_image\" \/>\n<meta name=\"twitter:label1\" content=\"Dur\u00e9e de lecture estim\u00e9e\" \/>\n\t<meta name=\"twitter:data1\" content=\"1 minute\" \/>\n<script type=\"application\/ld+json\" class=\"yoast-schema-graph\">{\"@context\":\"https:\/\/schema.org\",\"@graph\":[{\"@type\":\"WebPage\",\"@id\":\"https:\/\/fermedelachauveliere.fr\/index.php\/37-indre-et-loire-cheille\/calendrier-des-ventes\/\",\"url\":\"https:\/\/fermedelachauveliere.fr\/index.php\/37-indre-et-loire-cheille\/calendrier-des-ventes\/\",\"name\":\"CALENDRIER DES VENTES - ELEVAGE DE LA FERME DE LA CHAUVELIERE\",\"isPartOf\":{\"@id\":\"http:\/\/fermedelachauveliere.fr\/#website\"},\"datePublished\":\"2017-03-01T19:47:49+00:00\",\"dateModified\":\"2026-05-05T11:10:39+00:00\",\"description\":\"Retrouver toutes nos offres de N\u00f4el ainsi que nos dates de vente pour preparer vos repas de noel avec des produits de la ferme\",\"breadcrumb\":{\"@id\":\"https:\/\/fermedelachauveliere.fr\/index.php\/37-indre-et-loire-cheille\/calendrier-des-ventes\/#breadcrumb\"},\"inLanguage\":\"fr-FR\",\"potentialAction\":[{\"@type\":\"ReadAction\",\"target\":[\"https:\/\/fermedelachauveliere.fr\/index.php\/37-indre-et-loire-cheille\/calendrier-des-ventes\/\"]}]},{\"@type\":\"BreadcrumbList\",\"@id\":\"https:\/\/fermedelachauveliere.fr\/index.php\/37-indre-et-loire-cheille\/calendrier-des-ventes\/#breadcrumb\",\"itemListElement\":[{\"@type\":\"ListItem\",\"position\":1,\"name\":\"Accueil\",\"item\":\"http:\/\/fermedelachauveliere.fr\/\"},{\"@type\":\"ListItem\",\"position\":2,\"name\":\"ACCUEIL\",\"item\":\"http:\/\/fermedelachauveliere.fr\/\"},{\"@type\":\"ListItem\",\"position\":3,\"name\":\"CALENDRIER DES VENTES\"}]},{\"@type\":\"WebSite\",\"@id\":\"http:\/\/fermedelachauveliere.fr\/#website\",\"url\":\"http:\/\/fermedelachauveliere.fr\/\",\"name\":\"ELEVAGE DE LA FERME DE LA CHAUVELIERE\",\"description\":\"VENTE DE VIANDE EN DIRECT\",\"publisher\":{\"@id\":\"http:\/\/fermedelachauveliere.fr\/#organization\"},\"potentialAction\":[{\"@type\":\"SearchAction\",\"target\":{\"@type\":\"EntryPoint\",\"urlTemplate\":\"http:\/\/fermedelachauveliere.fr\/?s={search_term_string}\"},\"query-input\":\"required name=search_term_string\"}],\"inLanguage\":\"fr-FR\"},{\"@type\":\"Organization\",\"@id\":\"http:\/\/fermedelachauveliere.fr\/#organization\",\"name\":\"ferme de la chauveliere\",\"url\":\"http:\/\/fermedelachauveliere.fr\/\",\"logo\":{\"@type\":\"ImageObject\",\"inLanguage\":\"fr-FR\",\"@id\":\"http:\/\/fermedelachauveliere.fr\/#\/schema\/logo\/image\/\",\"url\":\"http:\/\/fermedelachauveliere.fr\/wp-content\/uploads\/2017\/03\/pancarte-3-1024x683.jpg\",\"contentUrl\":\"http:\/\/fermedelachauveliere.fr\/wp-content\/uploads\/2017\/03\/pancarte-3-1024x683.jpg\",\"width\":1024,\"height\":683,\"caption\":\"ferme de la chauveliere\"},\"image\":{\"@id\":\"http:\/\/fermedelachauveliere.fr\/#\/schema\/logo\/image\/\"}}]}<\/script>\n<!-- \/ Yoast SEO plugin. -->","yoast_head_json":{"title":"CALENDRIER DES VENTES - ELEVAGE DE LA FERME DE LA CHAUVELIERE","description":"Retrouver toutes nos offres de N\u00f4el ainsi que nos dates de vente pour preparer vos repas de noel avec des produits de la ferme","robots":{"index":"index","follow":"follow","max-snippet":"max-snippet:-1","max-image-preview":"max-image-preview:large","max-video-preview":"max-video-preview:-1"},"canonical":"https:\/\/fermedelachauveliere.fr\/index.php\/37-indre-et-loire-cheille\/calendrier-des-ventes\/","og_locale":"fr_FR","og_type":"article","og_title":"CALENDRIER DES VENTES - ELEVAGE DE LA FERME DE LA CHAUVELIERE","og_description":"Retrouver toutes nos offres de N\u00f4el ainsi que nos dates de vente pour preparer vos repas de noel avec des produits de la ferme","og_url":"https:\/\/fermedelachauveliere.fr\/index.php\/37-indre-et-loire-cheille\/calendrier-des-ventes\/","og_site_name":"ELEVAGE DE LA FERME DE LA CHAUVELIERE","article_modified_time":"2026-05-05T11:10:39+00:00","twitter_card":"summary_large_image","twitter_misc":{"Dur\u00e9e de lecture estim\u00e9e":"1 minute"},"schema":{"@context":"https:\/\/schema.org","@graph":[{"@type":"WebPage","@id":"https:\/\/fermedelachauveliere.fr\/index.php\/37-indre-et-loire-cheille\/calendrier-des-ventes\/","url":"https:\/\/fermedelachauveliere.fr\/index.php\/37-indre-et-loire-cheille\/calendrier-des-ventes\/","name":"CALENDRIER DES VENTES - ELEVAGE DE LA FERME DE LA CHAUVELIERE","isPartOf":{"@id":"http:\/\/fermedelachauveliere.fr\/#website"},"datePublished":"2017-03-01T19:47:49+00:00","dateModified":"2026-05-05T11:10:39+00:00","description":"Retrouver toutes nos offres de N\u00f4el ainsi que nos dates de vente pour preparer vos repas de noel avec des produits de la ferme","breadcrumb":{"@id":"https:\/\/fermedelachauveliere.fr\/index.php\/37-indre-et-loire-cheille\/calendrier-des-ventes\/#breadcrumb"},"inLanguage":"fr-FR","potentialAction":[{"@type":"ReadAction","target":["https:\/\/fermedelachauveliere.fr\/index.php\/37-indre-et-loire-cheille\/calendrier-des-ventes\/"]}]},{"@type":"BreadcrumbList","@id":"https:\/\/fermedelachauveliere.fr\/index.php\/37-indre-et-loire-cheille\/calendrier-des-ventes\/#breadcrumb","itemListElement":[{"@type":"ListItem","position":1,"name":"Accueil","item":"http:\/\/fermedelachauveliere.fr\/"},{"@type":"ListItem","position":2,"name":"ACCUEIL","item":"http:\/\/fermedelachauveliere.fr\/"},{"@type":"ListItem","position":3,"name":"CALENDRIER DES VENTES"}]},{"@type":"WebSite","@id":"http:\/\/fermedelachauveliere.fr\/#website","url":"http:\/\/fermedelachauveliere.fr\/","name":"ELEVAGE DE LA FERME DE LA CHAUVELIERE","description":"VENTE DE VIANDE EN DIRECT","publisher":{"@id":"http:\/\/fermedelachauveliere.fr\/#organization"},"potentialAction":[{"@type":"SearchAction","target":{"@type":"EntryPoint","urlTemplate":"http:\/\/fermedelachauveliere.fr\/?s={search_term_string}"},"query-input":"required name=search_term_string"}],"inLanguage":"fr-FR"},{"@type":"Organization","@id":"http:\/\/fermedelachauveliere.fr\/#organization","name":"ferme de la chauveliere","url":"http:\/\/fermedelachauveliere.fr\/","logo":{"@type":"ImageObject","inLanguage":"fr-FR","@id":"http:\/\/fermedelachauveliere.fr\/#\/schema\/logo\/image\/","url":"http:\/\/fermedelachauveliere.fr\/wp-content\/uploads\/2017\/03\/pancarte-3-1024x683.jpg","contentUrl":"http:\/\/fermedelachauveliere.fr\/wp-content\/uploads\/2017\/03\/pancarte-3-1024x683.jpg","width":1024,"height":683,"caption":"ferme de la chauveliere"},"image":{"@id":"http:\/\/fermedelachauveliere.fr\/#\/schema\/logo\/image\/"}}]}},"_links":{"self":[{"href":"https:\/\/fermedelachauveliere.fr\/index.php\/wp-json\/wp\/v2\/pages\/129"}],"collection":[{"href":"https:\/\/fermedelachauveliere.fr\/index.php\/wp-json\/wp\/v2\/pages"}],"about":[{"href":"https:\/\/fermedelachauveliere.fr\/index.php\/wp-json\/wp\/v2\/types\/page"}],"author":[{"embeddable":true,"href":"https:\/\/fermedelachauveliere.fr\/index.php\/wp-json\/wp\/v2\/users\/1"}],"replies":[{"embeddable":true,"href":"https:\/\/fermedelachauveliere.fr\/index.php\/wp-json\/wp\/v2\/comments?post=129"}],"version-history":[{"count":2,"href":"https:\/\/fermedelachauveliere.fr\/index.php\/wp-json\/wp\/v2\/pages\/129\/revisions"}],"predecessor-version":[{"id":1241,"href":"https:\/\/fermedelachauveliere.fr\/index.php\/wp-json\/wp\/v2\/pages\/129\/revisions\/1241"}],"up":[{"embeddable":true,"href":"https:\/\/fermedelachauveliere.fr\/index.php\/wp-json\/wp\/v2\/pages\/65"}],"wp:attachment":[{"href":"https:\/\/fermedelachauveliere.fr\/index.php\/wp-json\/wp\/v2\/media?parent=129"}],"curies":[{"name":"wp","href":"https:\/\/api.w.org\/{rel}","templated":true}]}}